 + 6*r - 7. Suppose 0 = -o - o + 12. Give x(o).
-7
Let h(i) = 2*i + i**2 - 7 + 6*i + i. Calculate h(-9).
-7
Let c(o) = o**3 + 5*o**2 - 2*o - 3. Let x(a) = -2*a - 7. Let f(n) = -6*n**2. Let q be f(-1). Let g be x(q). Suppose 0 + 25 = -g*p. Determine c(p).
7
Let l = 3 + -2. Let d be 0 + -3 - 3*-1. Let x = l + d. Let j(q) = q + 1. Determine j(x).
2
Suppose -4*l + 7 = -1. Suppose 2*h + h - 2*n + l = 0, -2*h = -n + 3. Let i(p) = p + 1. Calculate i(h).
-3
Let k(x) = 3*x**2 + 13*x + 14. Let t(o) = -o**2 - 4*o - 5. Let z(p) = -4*k(p) - 11*t(p). What is z(-6)?
11
Let u = 4 - 2. Let y(s) = 2*s - 2*s + 2*s - u. Calculate y(3).
4
Suppose 5*g - 4*g - 9 = -3*t, 0 = 4*g. Let d(f) = -3 - t + f + 2 - 3. Calculate d(0).
-7
Let c = 5 - 3. Let o(a) = -1 + 3*a - 3*a**3 + 2*a**3 - a**c + 3*a**2. Determine o(3).
-1
Let z(c) = -10*c**3 - 22*c**2 - 18*c - 6. Suppose t = -0*t + 5. Let y(u) = -7*u**3 - 15*u**2 - 12*u - 4. Let x(f) = t*z(f) - 7*y(f). What is x(-4)?
6
Let r(y) = 2*y**2 + 3*y - 5. Let a(m) = -m**2 - m + 1. Let t(j) = 6*a(j) + 2*r(j). Let s(g) = -g**2 - g. Let q(x) = -3*s(x) + t(x). What is q(-5)?
6
Let n(p) = p - 4. Let m = -310 - -82. Let d be (-2)/(-10) + m/(-60). Determine n(d).
0
Let r(h) = 6*h - 2. Let d(a) be the first derivative of -a**2/2 - 3*a - 2. Let q be d(-5). Calculate r(q).
10
Let b(h) be the first derivative of h**4/4 - h**3 + h**2/2 + h - 1. Let p be 21/(-3)*(-6)/21. What is b(p)?
-1
Let l = 17 - 17. Let f(x) = -x**2 - 6. Calculate f(l).
-6
Let m(r) = 3*r**3 + 3 - r**2 - 4*r**2 - 5*r - 4*r**3. Give m(-4).
7
Let m(x) be the second derivative of -x**3/3 - x**2 + x. Let c = -15 - -17. Give m(c).
-6
Let y be -1 + (1 - -2) + 3. Suppose 4 + 5 = -y*l + u, 3*u = -4*l - 11. Let v(n) = n**3 + n. Determine v(l).
-10
Let l(k) = -6*k - 2. Let c be l(-1). Suppose 0 = -3*p - 4*x - 16, p - c*x = 0. Let i(s) = -s**3 - 3*s**2 + 5*s + 6. Calculate i(p).
2
Suppose 0 = 5*m - 54 - 56. Suppose 5*b - 19 = 2*b - 4*g, 5*b - m = 3*g. Let a = -4 + b. Let o(l) = 2*l. What is o(a)?
2
Suppose -1 = z + 2*n + 1, z - 12 = 5*n. Let y(l) = 0*l + z*l + l**2 + 2 - 2*l + l - l**3. Suppose -s - 3*p + 5 = -1, -3*p + 6 = 4*s. What is y(s)?
2
Let n(j) = 7*j. Let d(i) = -i + 1. Let h(s) = 6*d(s) + n(s). What is h(-11)?
-5
Let n(y) = 9*y. Let i(c) = 4*c. Let l(v) = -7*i(v) + 3*n(v). Suppose 16*d = 12*d + 12. Give l(d).
-3
Let f(j) = 36*j + j**3 + 42*j - 6 + 45*j - 121*j - 5*j**2. Calculate f(4).
-14
Let y = -30 - -38. Let h(b) = -b**3 + 9*b**2 - 7*b - 8. Calculate h(y).
0
Let k(z) be the first derivative of -z**2/2 - 3*z - 3. Let j be k(-5). Let s(r) = -5*r**2 + 4*r**j - r**3 - 2*r**2 + 2 + 0*r**2. What is s(-2)?
-2
Let r(d) be the second derivative of d**4/12 - d**3/6 - 2*d**2 + 16*d. Give r(4).
8
Let j(s) be the first derivative of -s**4/4 + 5*s**3/3 + 4*s**2 - 8*s - 2. Determine j(6).
4
Let x(l) = -l**2 + 6*l - 1. Let j(r) = r - 7. Let a(z) = 3*z - 22. Let q(t) = -4*a(t) + 11*j(t). Let p be q(5). Determine x(p).
-1
Let k(h) = -2*h + 2*h + h - 5. Let f be 44/3*(-12)/(-8). Let z be f/5 - 4/10. Calculate k(z).
-1
Let o(j) = -j**2 + 3*j + 3. Let f(l) = -l**2 + 3*l + 4. Let h(x) = -2*f(x) + 3*o(x). Determine h(3).
1
Suppose 0 = 3*f - 0*f + 5*z - 37, z - 1 = f. Suppose 0*m = 2*m - f. Let d(v) = -2*v**m - 4*v**2 + 5*v**2. What is d(1)?
-1
Let a be 4/(-18) + (-235)/(-45). Let i(q) be the third derivative of -1/120*q**6 + 0*q + 4*q**2 + 1/12*q**a + 0 - 1/24*q**4 - 5/6*q**3. Calculate i(4).
7
Let u(h) = h**3 + 9*h**2 + h + 3. Let i be (-9 - -6)*(-12)/(-4). Calculate u(i).
-6
Let i(b) = b - 13. Let s be i(6). Let k(d) = -11*d - 11. Let f(j) = 5*j + 5. Let r(a) = s*f(a) - 3*k(a). Let y = -1 + -4. What is r(y)?
8
Let b(h) be the second derivative of -h**4/12 + h**3/6 + h**2/2 - h. Let v(q) = q**3 - 6*q**2 + 2. Let x be v(6). Calculate b(x).
-1
Let b(y) = y**2 - 8*y + 6. Let r(o) = -o**3 - 15*o**2 + 5. Let h be r(-15). Give b(h).
-9
Let u(w) be the first derivative of w**4/4 + 7*w**3/3 + w**2/2 + 8*w + 1. Let k be -1*(6 + 0 + 1). Calculate u(k).
1
Let q(m) = m**2 + 6 + 2*m + 1 - 7. What is q(-2)?
0
Let c(v) = v**3 + v + 3. Let t be c(0). Let b(i) be the first derivative of i**t - 1 - 1/2*i**2 + 1/4*i**4 + 3*i. Give b(-3).
6
Let d(s) be the third derivative of -s**5/60 + s**4/12 + 2*s**3/3 - 6*s**2. Determine d(4).
-4
Let k(f) = 2*f - 7. Let q be 24/20 - (-2)/(-10). Let o = 5 + q. Give k(o).
5
Let l(n) = -n - 2*n**3 - 1 - 2 + n**3 + 5*n**2. Suppose 2*z - 7 = 3. Determine l(z).
-8
Let c(b) be the first derivative of -b**3/3 + b**2/2 + b + 1. Let y be 3*2/3 + 0. What is c(y)?
-1
Let d(u) = 7*u - 2. Let m be d(2). Suppose -2*w - 4*k + 18 = 0, 3*k - m = -0*k. Let x(t) = 0 - w + 0 - 3*t. Determine x(-4).
11
Let q(g) = -g - 2. Let m be q(-5). Let x be (-2)/(-8) - (-35)/20. Let t(f) = -5*f**2 + 3*f**2 + 3*f + f**3 + f**x - 2*f**2 - 3. Calculate t(m).
6
Suppose 0 = -5*t - 3*z - 21, 8 = -t - t - z. Let m(n) = n**2 + n. Determine m(t).
6
Let s(y) = 1. Let n(k) = -2*k + 1. Let b(i) = n(i) + 2*s(i). Let z(h) = h**2 + 8*h + 13. Let o be z(-4). What is b(o)?
9
Let k(x) = x**3 + 4*x**2 + 3*x + 7. Let f(o) = -o**3 - 3*o**2 - 2*o - 7. Let d(a) = -3*f(a) - 4*k(a). Give d(-6).
-7
Let h(w) = -5*w + 5. Let a(d) = -3 + 1 + 3. Let r(i) = -2*a(i) + h(i). Give r(2).
-7
Let z(k) = 2*k**3 + 4*k**2 + 3*k - 4. Let j(x) = 3*x**3 + 5*x**2 + 4*x - 5. Let q(b) = -3*j(b) + 4*z(b). Determine q(1).
-1
Let d(i) = 1 + 2*i**2 + 6*i**3 + 4*i**3 + 1 - 9*i**3. Give d(-3).
-7
Let o(j) = -j + 1. Suppose 6 = 3*a + 3, 3*i + 18 = 3*a. What is o(i)?
6
Let w(y) = y**3 + 2*y**2 + y + 1. Let q = 15 - 25. Let d(u) = u + 8. Let c be d(q). Calculate w(c).
-1
Let v(h) = -h**2 - h - 1. Suppose 0*n + 6 = -2*n. Let g be 3 + n - (2 + 0). What is v(g)?
-3
Suppose 4*b - 2*q - 2 = 0, 2*b - 5*q = 10 + 3. Let v(l) = 4*l**2 - l. Determine v(b).
5
Let z be ((1 - 2) + -1)*5/(-2). Let u(v) be the third derivative of -v**5/60 + v**4/4 - v**3/3 - 2*v**2. Give u(z).
3
Let g(j) be the first derivative of -2 - 5/3*j**3 - 3/2*j**2 + 4*j + 1/4*j**4. Suppose -2*v - 9 = -3*t, t - 2*v - 2 = -v. Calculate g(t).
-11
Let n(t) be the third derivative of -t**8/6720 + t**7/420 + t**6/90 - t**5/15 + 5*t**4/24 - t**2. Let f(r) be the second derivative of n(r). Give f(7).
-1
Suppose -n + 13 = 4*w, 2*w - 3*n + 11 = -0. Let d(f) = -f**w + 4*f**2 - f**2 - 3*f - 3. Calculate d(-2).
11
Let k(x) = x**2 - 3*x - 3. Suppose -5*j + 10*j = 35. Calculate k(j).
25
Let g(p) = -p - 5. Let m(v) = v + 4. Let k(z) = -4*g(z) - 5*m(z). Give k(5).
-5
Let f(w) = -w**3 + 3*w**2 - w. Let n(r) = -r - 6. Let a be n(-7). Suppose -y - a = -2*y. Let i be 1/(y - 1 - -1). Give f(i).
1
Let z(q) = 6*q**3 - 2*q**2 - q. Let o = 10 + -6. Suppose 0 = -2*d - 5*c + 7, -c = d - 0*c - 5. Suppose 2 = o*x + d. Determine z(x).
-7
Let n = 27 + -24. Let i(w) be the first derivative of -2/3*w**n - 1/4*w**4 - 3*w - w**2 + 2. Calculate i(-2).
1
Let q(t) = 2*t + 0*t - 3 - 3*t. Let j be (1 - (2 - 1)) + 3. Calculate q(j).
-6
Let d(z) be the second derivative of 2*z**3/3 + 7*z + 1. Calculate d(-1).
-4
Let a(c) be the first derivative of c**2/2 - 4*c + 8. Let g = 4 + -1. Give a(g).
-1
Let u(w) be the first derivative of w**4/4 + 2*w**3/3 - w**2/2 + 3*w + 3. Let v(z) = z**2 - 8*z + 4. Let i be v(7). Calculate u(i).
-3
Let h(r) = -2*r + 4. Let z(g) = g**3 + g + 1. Let p(b) = 2*b**3 - 4*b**2 + 3*b + 3*b**3 + 3 + 6. Let n(x) = p(x) - 6*z(x). Let l be n(-3). Determine h(l).
-2
Suppose -4*l - 16 = -4*d, 4*l - 5*d + 13 + 6 = 0. Let b be l/(0 + (-1)/2). Let z(u) = 4*u**2 + b*u**2 + 1 - 5*u**2. What is z(-1)?
2
Let m(j) = j**2 - 5*j + 4. Suppose q + 49 = 3*z + 3*q, 0 = 2*q + 8. Suppose z = 3*w + 1. Give m(w).
10
Let d be 6 - 6 - (-1 + 0). Let q(a) = 3*a**2 - a**3 + 4 - 5 - d. Give q(2).
2
Let w(s) = -s + 4. Let d be w(4). Suppose d*y = -2*y - 2. Let x(j) = j**2. Give x(y).
1
Let s(x) = -4*x**3 + 2*x**2 - 3*x + 2. Let f(y) = 2*y**3 - y**2 + 2*y - 1. Let d(t) = 7*f(t) + 4*s(t). Give d(-1).
2
Let q(y) = -4*y + y + 2 + 5*y + 6*y**2 + y**3 + 7. Calculate q(-6).
-3
Let m(z) = -z**3 - 3*z**2 - 3*z - 1. Suppose -11*s - 5*s = 48. Give m(s).
8
Let z(g) = 2. Let q(m) = -m. Let h(u) = -q(u) - z(u). Determine h(6).
4
Let h(f) be the second derivative of f**3/3 - 3*f**2/2 - 4*f. Give h(-5).
-13
Let a(z) = 3*z - 4. Suppose -4*s + 0 = p - 1, 2*p - 14 = 